-c**2 + 3*c + 6. Let w be z(5). Let h = w + -3. What is the units digit of q(h)?
3
Let z = 7 + -4. Suppose -i - z*i = 5*a - 48, -20 = -3*a + 2*i. What is the units digit of a?
8
Let w be -1 + 2 + 2 + -2. Let r be (3 + 1)/(2*w). What is the units digit of (-1)/r*3*-4?
6
Let o = -32 - -5. Let w = 48 + o. What is the units digit of w?
1
What is the units digit of 5/2*16/20?
2
Let p = 192 - 112. What is the units digit of p?
0
Let c(m) = 3*m - 7. Let f be c(4). Let p = 2 - -3. Suppose -p*o = -f, 4*h - 25 - 30 = o. What is the tens digit of h?
1
Let g(z) = -z - 2. Let o be g(0). Let f be (-4)/(-4) + (-6)/o. Let s(d) = -d**2 + 4*d + 3. What is the units digit of s(f)?
3
Let y(m) = 3*m**2. Let o be y(1). Suppose 2*s + 18 = 3*i - i, 2*s = -5*i + o. Let w(x) = x**3 + 6*x**2 + 6. What is the units digit of w(s)?
6
Suppose -4*b = -p + 81, b = p + 4*p - 424. What is the units digit of p?
5
Suppose w - 5*w = 12, 4*c - 5*w = 711. What is the units digit of c?
4
What is the units digit of 6/(-14) + 540/84?
6
Let y = 10 - 7. Suppose 3*a = -y + 45. What is the tens digit of a?
1
Suppose 0 = g - 4. Suppose -g*w + 7 = -1. Suppose 15 = -w*z + 5*z. What is the units digit of z?
5
Suppose 0 = -4*u - w + 850, 0 = -2*u + 6*u - 3*w - 858. What is the hundreds digit of u?
2
Let f be 2/5 - 38/(-5). Let a(o) = o**3 + 2*o**2 - 5*o - 4. Let y be a(-3). Suppose 4*c - 20 = -2*w, 0*c - y*w = 2*c - f. What is the units digit of c?
6
Let m = 164 - 103. Suppose -5*r + 206 - m = 0. What is the units digit of r?
9
Let k(c) = c**2 - 6*c + 4. Let p be k(6). Let a = p - 6. What is the units digit of 40/12 + a/(-3)?
4
Let x = -2 + 7. Suppose -4*i + x*s = 4, -5*s + 40 - 8 = 3*i. What is the units digit of i?
4
Let a be (-2)/(-10) + (-295)/(-25). Suppose 0 = -3*n + q + 48, -q + a = -4*n + 76. What is the tens digit of n?
1
Suppose -l - 1 = -11. Let g(o) = o + 8 - 22 + 3*o - 2*o. What is the units digit of g(l)?
6
Suppose -l = 2*l - 123. What is the tens digit of l?
4
Let z(c) = -c**2 + 5*c - 2. Let b be z(3). Suppose -2*o + 5 = 5*m - 19, 22 = 3*o + b*m. Suppose 0 = o*r - 0*r - 4. What is the units digit of r?
2
Suppose -3*v = -a + v + 62, -a = 4*v - 54. What is the units digit of a?
8
What is the units digit of 1/(-4) - (-2 - (-150)/(-24))?
8
Suppose -5*i - 43 = -4*h - 103, 15 = 5*i + 5*h. Let k(x) = 3*x - 12. What is the units digit of k(i)?
2
Let j = -16 + 14. Suppose 0 = 4*r - r - w - 11, 4*r = -4*w + 20. Let y = r + j. What is the units digit of y?
2
Let s(g) = g**3 + 8*g**2 + 7*g + 6. What is the tens digit of s(-5)?
4
Suppose -38 + 94 = 2*c. Let u = 7 - c. Let t = u - -35. What is the units digit of t?
4
Let w be 4/12*(-81)/(-3). Let q = -6 + w. Let g = 7 - q. What is the units digit of g?
4
Let i = 19 - 55. Let v = i - -53. What is the units digit of v?
7
Suppose -5*o = 15, o = -3*f + 27 - 0. What is the tens digit of f?
1
Suppose 2*q + 4 = -f, -6*q + q = 2*f + 10. What is the units digit of (-2)/4 - 33/q?
6
Suppose 2*g + 380 = 4*n - 3*g, -2*n + 212 = 3*g. What is the tens digit of n?
0
Let h be 2 + (18/(-3))/3. Suppose h = -i - 0*i + 2. What is the units digit of i?
2
Let r(y) = -2*y**3 - 5*y**2 - 3*y + 3. Let j be r(-3). Let h be ((-30)/j)/(2/(-14)). Suppose -h = -2*g + 8. What is the units digit of g?
9
Suppose -12 + 8 = -w. Let l be 11/3 + 2/6. Suppose l*g - 28 = w. What is the units digit of g?
8
Suppose -16 = 3*w - 7*w. Suppose w*i - 35 = 65. What is the units digit of i?
5
Let c be -14 - 1*(-4)/2. Let d = 1 + c. What is the units digit of (2 + d/2)*-2?
7
Suppose 2*y - 40 - 32 = 0. What is the tens digit of y?
3
Suppose 5*m - 15 + 0 = 0. Suppose m*h - 4*y = 2, y + y = 2. What is the units digit of ((-5)/h)/(2/(-4))?
5
Suppose -3*y = 2*o - 249 - 130, y + 2*o = 129. What is the units digit of y?
5
Let o(i) = i**2 - i + 4. What is the tens digit of o(-9)?
9
Let f(d) = 2*d**2 + 7*d. What is the tens digit of f(-5)?
1
Let o(x) = 2*x**2 + 6*x + 3. What is the units digit of o(-6)?
9
Let d be (-2)/9 + (-6)/(-27). Suppose j + d + 1 = 0. What is the units digit of j + 3 - (-1 + -4)?
7
Suppose 2*l - 24 = h, -3*l + 14 + 85 = -5*h. Suppose 0 = -3*y + 82 + 11. Let i = y + h. What is the units digit of i?
3
What is the units digit of 2674/30 + 28/(-210)?
9
Let a be 70 + (4 - 1 - 5). Let n = a + -46. What is the units digit of n?
2
Let w(l) = l**2 + 7*l + 9. Let q be w(-6). Let k = 5 - q. What is the units digit of -1*(1 - (0 + k))?
1
Suppose -2*m + 4*r - 15 = 3*m, 27 = 2*m + 5*r. Suppose -s = m - 10. What is the units digit of s?
9
Let u = -3 - -39. What is the units digit of u?
6
Suppose 5*u = 118 + 32. Suppose -2*n + 24 = m - u, -2*n = -3*m - 46. What is the tens digit of n?
2
Suppose x = 7 + 2. Let i be -39*((-3)/x - -1). Let t = i + 41. What is the tens digit of t?
1
Let z = 38 - -13. What is the units digit of z?
1
Let s(g) = g**3 + 13*g**2 + 4*g + 4. What is the hundreds digit of s(-12)?
1
Suppose 0 = 2*v + 10 + 6. Let x = 11 + v. Suppose 3*m - 2*m = x. What is the units digit of m?
3
Suppose -3*x + 1 = 4. Let r(c) = -30*c. Let m be r(x). Suppose -m = -4*g + g. What is the tens digit of g?
1
Suppose 31 - 1 = 5*i. Let p be (-12)/(-9) + (-2)/i. What is the units digit of 2 - (-2 + p + -3)?
6
Let p(r) = 4*r**2 + 4*r - 2. What is the units digit of p(3)?
6
Suppose 78 = f - 3*t - 88, 136 = f + 3*t. What is the hundreds digit of f?
1
Suppose 3*n = -3*r + 216, -3*r - n + 0*n = -218. What is the tens digit of r?
7
Let z be -2 - 12*2/(-3). Let k be 8/z*9/6. Suppose 0 = 5*y - k*c - 41, -4*y + c + 20 = -11. What is the units digit of y?
7
Let i(p) = -p**3 - 9*p**2 - 8*p - 3. Let x be i(-5). Let m = 123 + x. Suppose m - 20 = 5*g. What is the units digit of g?
8
Let b(h) = -h - 1. Let q(r) = 4*r - 3. Let f(y) = -2*b(y) - q(y). Suppose g + 2 = -x, -5*g + 6 + 14 = -x. What is the tens digit of f(x)?
1
Suppose n = 45 + 73. What is the units digit of n?
8
Suppose -2 + 10 = 4*m. What is the units digit of m?
2
Suppose 0*d + d = -5*t, 4*d - 63 = t. Suppose -2*q = -3*k - 6*q + 19, 0 = -2*k - q + 11. Suppose 2 = c - l, 3*l = k*c - l - d. What is the units digit of c?
7
Let m be 2 - 12/((-3)/(-1)). Let a(s) = -s**2 + 7*s + 2. Let o be a(6). Let h = m + o. What is the units digit of h?
6
Let k = -18 - -8. What is the units digit of (k/(-1) - 0) + -2?
8
Suppose 3*d + d - 8 = 0. Suppose 3*q = -d*t + 15, 5 = q - t - t. What is the units digit of q?
5
Suppose -1530 = 26*a - 35*a. What is the tens digit of a?
7
Suppose -28 = -y + n, 3*n - 25 + 10 = 0. Suppose -x = -21 + 1. Let f = y - x. What is the units digit of f?
3
Suppose -z = -2*d - 38, -d + 3*z - 5*z = 14. Let o = -10 - d. What is the units digit of ((-75)/(-20))/(3/o)?
0
Suppose -3*g - 9 = 4*n - 47, 3*g - 22 = -2*n. What is the units digit of n?
8
What is the tens digit of 66/4 + -2 + (-1)/(-2)?
1
Let j = 34 + -31. What is the units digit of j?
3
Let t be 8/36 - 50/(-18). Let u(n) = n. Let s be u(t). Let f = s + -1. What is the units digit of f?
2
Let q = -842 - -1275. What is the tens digit of q?
3
Let v(j) be the first derivative of -3*j**4/4 - j**2/2 + 4. Let x(b) = b**3 + 7*b**2 + 5*b - 7. Let g be x(-6). What is the units digit of v(g)?
4
Suppose 2*k = -4 + 10. Suppose -g = -4*q + k, -q - q + 8 = 0. What is the units digit of g?
3
Let v(l) = l**3 - 23*l**2 - 13*l + 15. What is the tens digit of v(24)?
7
Let f be (-1)/((4 + -1)/(-366)). Let l be 4/18 - f/(-18). Suppose -3*g = 5*s - l*g - 62, -2*g - 66 = -5*s. What is the units digit of s?
4
Suppose u + 2*o - 26 = -3*u, 4*u - 2*o = 22. What is the units digit of u?
6
Suppose 2*a = -2*a + 8. Suppose -3*g + 2 = -4. Suppose -w - z = -a*w, g*w - 6 = -z. What is the units digit of w?
2
Let f(d) = d**2. Let x(o) = -17*o**3 + 2*o**2 + o. Let a(t) = -f(t) + x(t). Suppose -2*p - 8 = -0*m - 2*m, -4*m + 21 = -5*p. What is the tens digit of a(m)?
1
Suppose 5*u = -4*n + 41, 7 - 34 = -3*u - 3*n. What is the units digit of u?
5
What is the tens digit of ((-14)/(-8))/((-3)/(-168))?
9
Let a be ((-75)/6)/((-1)/2). Suppose -w - 4*w - y + 25 = 0, 0 = -5*w + 3*y + a. What is the units digit of w?
5
Let x = -12 + 12. What is the units digit of (3 - 0) + x + -2?
1
Let g = -13 + 129. Let k = -66 + g. What is the units digit of k?
0
Let l(j) = j**3 - 11*j**2 + j - 13. Let y be l(11). Let q(a) = a**3 - 3*a**2 + 0*a**2 